base 5) to base 13.
-21902a
Convert 22512410 (base 8) to base 14.
9133ba
Convert 38d03 (base 15) to base 3.
100020101110
-33074415 (base 8) to base 13
-161b949
Convert 16a48a (base 15) to base 16.
10c0b1
What is b78aa7 (base 12) in base 3?
12110012220001
-3971721 (base 10) to base 13
-a90a40
Convert 11412311 (base 5) to base 6.
2144154
Convert -101001101101101001010111 (base 2) to base 16.
-a6da57
What is -100110001010000 (base 2) in base 13?
-8b7a
Convert 10010011000110000000111 (base 2) to base 13.
cc9b74
What is -1001110121 (base 4) in base 2?
-1000001010100011001
Convert -506429 (base 12) to base 13.
-34c3b0
-101420103 (base 5) to base 9
-710147
Convert -417c7b (base 14) to base 6.
-115221513
1d457 (base 15) to base 10
95482
What is 114221334 (base 5) in base 10?
538969
Convert -57a8a6 (base 12) to base 4.
-11113231332
Convert -1194b (base 15) to base 12.
-28568
What is a5332 (base 11) in base 3?
21210111211
Convert 71223d (base 14) to base 7.
44243206
201130233320 (base 4) to base 2
100001011100101111111000
What is -21416 (base 7) in base 15?
-18be
Convert -22301031300 (base 4) to base 10.
-2823024
What is -232130 (base 6) in base 10?
-19926
What is -4300141 (base 6) in base 8?
-632135
Convert 165640 (base 9) to base 5.
11240312
What is 1313033320 (base 4) in base 14?
ca008
1143001 (base 5) to base 14
7c4a
-3467215 (base 10) to base 14
-6637c3
Convert 202122220212 (base 3) to base 5.
101003344
Convert 111111101101110010001110 (base 2) to base 11.
9478a08
Convert 13133033223 (base 4) to base 6.
110023523
Convert -436430 (base 8) to base 7.
-1150506
Convert 375750 (base 8) to base 7.
1051036
What is 71091 (base 11) in base 9?
167484
What is -10311301 (base 6) in base 14?
-7d177
Convert 4303220020 (base 5) to base 16.
89eba8
-19a6714 (base 11) to base 6
-200210530
What is 429751 (base 16) in base 4?
100221131101
Convert -2d84 (base 15) to base 3.
-111102221
Convert -18074 (base 15) to base 12.
-38b9a
1502464 (base 7) to base 13
712b7
What is 88d0a1 (base 15) in base 2?
11000111000110001111010
What is 10344410140 (base 5) in base 4?
223031003212
What is 1011133223 (base 4) in base 2?
1000101011111101011
533927 (base 13) to base 4
13130021111
86686 (base 13) to base 5
30232134
Convert -552647 (base 8) to base 3.
-100102211021
Convert -101012002020011 (base 3) to base 12.
-1991441
What is 2dc78 (base 14) in base 9?
184625
What is -456441 (base 7) in base 6?
-1425220
177981 (base 14) to base 2
11001010000110101101
11867a6 (base 11) to base 4
13312213001
24054514 (base 8) to base 15
6e0345
-553433 (base 6) to base 14
-12b81
What is -1185536 (base 9) in base 14?
-12bb49
-1004315321 (base 6) to base 11
-5899158
11431440 (base 5) to base 13
3a432
What is -43885 (base 12) in base 14?
-24805
-151161 (base 8) to base 10
-53873
-1300014 (base 5) to base 6
-311441
What is -3b3b2 (base 13) in base 14?
-2c3b0
4375d5 (base 16) to base 2
10000110111010111010101
733182 (base 11) to base 13
32206b
1226172 (base 8) to base 7
2611350
What is -11110010001111100111 (base 2) in base 16?
-f23e7
What is -18bb32 (base 13) in base 11?
-398233
What is -6424723 (base 10) in base 8?
-30404223
Convert -432507 (base 8) to base 6.
-3033543
What is 431523145 (base 6) in base 11?
4353431
1826a3 (base 12) to base 9
707876
What is 111121220112 (base 3) in base 2?
1000001011110101101
-386e (base 16) to base 10
-14446
-102010122200 (base 3) to base 8
-654051
What is -101010010110101001100 (base 2) in base 3?
-2121111202221
-263823 (base 10) to base 12
-108813
What is -320021100 (base 4) in base 7?
-1645314
Convert 122af (base 16) to base 11.
50a00
-302002233 (base 4) to base 11
-130001
Convert -1121133322 (base 4) to base 14.
-9784a
What is -20211111202 (base 3) in base 13?
-492b9
What is -1107205 (base 9) in base 10?
-595760
What is 254146 (base 13) in base 11?
560a87
What is 100102000 (base 4) in base 16?
10480
Convert -11201210101 (base 3) to base 7.
-535414
1e441a (base 16) to base 2
111100100010000011010
-40303300 (base 5) to base 14
-85673
1241243103 (base 5) to base 4
23231322211
What is -243a7 (base 13) in base 11?
-46004
What is -92851 (base 10) in base 13?
-33355
-442535315 (base 6) to base 7
-124535102
What is 8421a47 (base 11) in base 12?
4b80b06
What is -a90a0 (base 15) in base 12?
-21a773
-388635 (base 11) to base 12
-255ba5
Convert -10111111011000111000000 (base 2) to base 12.
-2125368
-525500 (base 8) to base 2
-101010101101000000
What is -44663 (base 8) in base 16?
-49b3
63344 (base 14) to base 9
404323
Convert 33511 (base 6) to base 4.
1021303
What is -46429 (base 12) in base 13?
-33999
Convert -31a41 (base 16) to base 15.
-403a4
What is -17738 (base 12) in base 16?
-845c
-1252102 (base 7) to base 4
-220002211
What is 248211 (base 10) in base 7?
2052435
Convert 342740 (base 8) to base 10.
116192
Convert 1000000110100100001110 (base 2) to base 4.
20012210032
Convert 21163 (base 12) to base 8.
124633
Convert -26135622 (base 7) to base 15.
-31ed60
What is -21522842 (base 9) in base 5?
-10131023030
What is b8c68 (base 14) in base 16?
6d1fc
What is -489753 (base 10) in base 8?
-1674431
Convert -550202 (base 6) to base 3.
-2022022202
-13020041 (base 6) to base 16
-67279
Convert 13a711 (base 11) to base 14.
59c11
What is -2205801 (base 10) in base 15?
-2d8886
Convert 1998e (base 15) to base 11.
5752a
Convert -1128573 (base 10) to base 6.
-40104513
-2220012020022 (base 3) to base 5
-343222324
-123824 (base 11) to base 13
-6ab98
Convert -10a7a85 (base 14) to base 6.
-442024005
What is 703557 (base 10) in base 2?
10101011110001000101
60a619 (base 11) to base 16
ef58a
-37b263 (base 14) to base 5
-442204142
1004574 (base 11) to base 2
110110001111110100011
What is 37941 (base 13) in base 12?
4b490
967002 (base 10) to base 7
11135151
What is 4e8c (base 15) in base 9?
25016
What is -20221002122010 (base 3) in base 15?
-4cb246
Convert 5c926 (base 13) to base 8.
515342
17997 (base 16) to base 14
27327
What is 10451430 (base 6) in base 10?
317898
Convert -42256136 (base 7) to base 8.
-15512607
Convert -3834366 (base 9) to base 11.
-11a7a62
343204440 (base 5) to base 3
2220010220102
What is 140808 (base 10) in base 5?
14001213
What is -511541 (base 7) in base 10?
-87053
Convert -112111221011 (base 3) to base 9.
-474834
3643087 (base 9) to base 6
110213211
Convert -231363 (base 7) to base 3.
-2002201120
Convert 2b337 (base 14) to base 7.
625600
Convert 1221202102010 (base 3) to base 14.
1d05d2
Convert 38803352 (base 9) to base 6.
1520503332
What is 434115 (base 6) in base 4?
20300333
Convert -4120014 (base 6) to base 10.
-197002
Convert 1534351 (base 9) to base 10.
849574
-3b6438 (base 12) to base 16
-f09ec
Convert -404243343 (base 6) to base 13.
-15869ac
What is -3374640 (base 11) in base 6?
-330332305
Convert -2333233 (base 7) to base 2.
-1000111110010111001
-10353453 (base 6) to base 16
-4bd29
1332545 (base 7) to base 6
3435525
-11122220120020 (base 3) to base 6
-125041310
Convert -851995 (base 10) to base 4.
-3100000123
Convert 65062 (base 7) to base 8.
37445
What is -332688 (base 9) in base 15?
-3ddbe
Convert 1658899 (base 13) to base 7.
115224100
Convert 12110 (base 4) to base 10.
404
Convert 1c483 (base 15) to base 8.
263764
What is -9237499 (base 10) in base 6?
-525554111
14240001 (base 5) to base 12
72540
101100011111001001000010 (base 2) to base 16
b1f242
What is -21866 (base 9) in base 14?
-543d
Convert 3928a5 (base 13) to base 6.
45302041
Convert 1043144 (base 6) to base 12.
264b4
What is -23010021210 (base 4) in base 12?
-b7a6b0
Convert -10011010110011101001 (base 2) to base 14.
-127121
What is 10000012021112 (base 3) in base 8?
6061333
Convert -101000101100101001100 (base 2) to base 4.
-11011211030
Convert 12014135 (base 7) to base 13.
2b2914
-42464 (base 10) to base 8
-122740
What is -1111101010100001010 (base 2) in base 5?
-112411130
-1103a7 (base 13) to base 6
-12330054
What is -100001111011110111 (base 2) in base 14?
-38927
What is 1101000000010110 (base 2) in base 6?
1050342
What is -36d5a3 (base 14) in base 5?
-440141023
11103445 (base 7) to base 14
1ad825
What is -109cc (base 14) in base 2?
-1001110110101000
What is -76861 (base 11) in base 15?
-2308d
1137455 (base 8) to base 7
2433645
What is 12201011111 (base 3) in base 16?
1b703
Convert -37830 (base 11)